-160 + (-160 - -102 - -110)?
-108
Evaluate 35 + (49 - 88 - -58).
54
What is (-11 - ((-15 - -7) + -1)) + 13 + 1?
12
Calculate -17 - (-31 - -6) - (1 + 36) - 1.
-30
6 + (-4 - 1) + (13 - 61)
-47
Evaluate -7 - (0 - 4 - -2) - (-1 - -72 - 60).
-16
Evaluate -45 - -32 - 91 - -108.
4
What is -518 + 542 + (-2 - 9)?
13
Calculate 68 - (-3 + (-4 - -1) + (8 - 5) - 1).
72
Evaluate -21 + -4 + 44 + -57.
-38
1 - (-3 + 2 + 5 - (-28 - (-5 + -111)))
85
Calculate (0 - (-1 + -14)) + (543 + -245 - 220).
93
Calculate (3 - (10 + -8 + (75 - 3) + -3)) + -10.
-78
What is the value of 11 + -9 + (3 - -6) + 4 + 7?
22
-56 - (-37 + 11 + -5 + 28)
-53
What is the value of 25 + 22 + (-31 - 5) - -44?
55
Evaluate -44 + -18 + -2 + 42.
-22
Evaluate 120 + 0 + (35 - 81).
74
Calculate -91 + 86 + (-4 - 1 - -1) + (-393 - -446).
44
12 + 2 + (-17 - (22 - 42))
17
Evaluate (-65 - 95) + (137 - 16).
-39
What is the value of 19 + -24 + (17 - -1) + 1 + -13 + 67?
68
5 + 6 + 13 + 12
36
-48 + 101 - (6 + 20)
27
3 - (3 + -14 + -5 - (-276 - -288))
31
Calculate (-276 - -279 - (3 - 1)) + -2 + -36.
-37
What is the value of -27 + (-27 - -66) + 6 + -31?
-13
What is the value of 5 + (-40 + 70 - 79)?
-44
What is (1 - -15 - -1 - 5) + (-7 - 114)?
-109
Calculate -8 - (12 + -8 - 65) - (56 - 67).
64
Evaluate -4 + -25 - ((15 - -49) + 1).
-94
Calculate (-1 - -55) + 19438 + -19612.
-120
What is the value of (2 + 5 - (11 + (6 - -2))) + 16 + -16?
-12
What is the value of (55 - (-15 - -1)) + -10 + 11 - (-11 - 3)?
84
(-57 - (-40 - -20)) + 25
-12
Calculate 13 + 48 + -289 + 132.
-96
What is the value of (-764 - -659) + -5 + 208?
98
Evaluate -6 + -35 - ((2 - (1 + 7)) + -3 + 0).
-32
Evaluate 6 + (13 - (-35 + 0 - 0) - -6).
60
Calculate 34033 + -34119 + (-4 - 1) + -2 + 4 + 0.
-89
What is the value of 40 - (-57 + 99 - -50)?
-52
6 + 4 - -26 - (-66 + 7)
95
What is the value of 92 + -83 + (0 - -1 - 0) + -51 + -4?
-45
Evaluate (0 - 20 - -20) + (-20 - -6) + 61.
47
Calculate (7 - -17 - (15 + -2)) + 30.
41
What is -2 + -3 + 2 + 3 + 0 + (-14996 - -15008)?
12
Evaluate -304 + 333 - (38 + -99).
90
Evaluate (-20 - -16) + -46 + 31 + -80.
-99
What is -3 + 18 + (23 - 11 - (-3 + -38))?
68
What is the value of -6 - (-2 + (32 - (2 + 2 - 6)))?
-38
What is the value of 37 + -26 - -49 - (10 + 8 + -9)?
51
What is the value of -5 - ((-1 + -2 - -11) + -4 + -279 + 269)?
1
(123 - (-17 + (-7 - -10))) + -3 + -10
124
Evaluate 34 + -3 + 3 + (14 + -22 - 6).
20
Evaluate 29 + -31 + -6 + -4 - (3 + 22).
-37
What is -16 + (-6 - -12 - 11) - -22?
1
Calculate -31 + (131 + -109 - -75).
66
Evaluate 6 + (0 - 0) - ((4 - (25 + -71)) + 15).
-59
Evaluate 3 + (58 - (-9 + 19 - 6) - -9) + -8.
58
What is -11 + 15 + (-15 - (4 + -13) - (-7 + 0))?
5
What is the value of -62 - (-15 + (9 - (-7 - -13)))?
-50
-13 + -19 + (9 - (4 + 1)) + 58
30
What is (-11 + -2 - (92 - 126)) + -7?
14
What is (8 - 3) + (-61 - (1 - 7)) - -11?
-39
What is the value of (79 - -21) + (21 - 11) + -7 + 14?
117
What is 1 + -133 + (-22591 - -22630)?
-93
Calculate 4 - (-1 + -52 + 11 + (-7 - (15 - 23))).
45
What is (0 - 15) + -73 + 4 + 75 + -51?
-60
What is the value of 125 + -122 + (5 - -3 - 4) + -6 + 32?
33
What is the value of -76 + 20 + (-76 - -78)?
-54
1 - 3 - ((254 - 270) + -8 + (3 - 6))
25
What is the value of 93 + (-80 + 185 - 114)?
84
13 + (-9 - (12 - (10 - (12 + -65))))
55
-1 + -7 - 32 - (5 - -8 - (13 + -14))
-54
What is the value of (-3 - -3 - 14) + 1 + 14 + -17?
-16
Calculate (-131 + 103 - -36) + 25.
33
What is the value of 73 - 0 - -1 - (-3806 - -3777)?
103
What is -87 + 80 + 9 + 4 + (-28 - -10)?
-12
What is -9 + -1 + 3 + 45 + -61?
-23
What is 13 + 34 + 22 + -66?
3
What is the value of 34 + 97 + -93 + (1 - 1) + 4?
42
What is 7 + -3 - (-58 - (11 + -15) - (36 + -24))?
70
What is 0 + 2 - 20 - (-1083 - -1087)?
-22
Calculate (-9 + -12 - -6 - (-13 - -19)) + -4.
-25
82 + -22 + 57 + -82
35
-2 + 0 + (-5 + 1 - -48) + (-418 - -420)
44
4 - (-18 + -7) - (-1 - (13 + 0))
43
Evaluate -18 + (-1 - -41) + -157 + 154.
19
What is (-3 + 5 - -11 - -6) + -71?
-52
Evaluate 1240 - 1263 - (-11 + -1).
-11
What is 1 - -9 - (24 + (51 - (-21 - -38)))?
-48
Calculate 61 - ((26 - (-21 - -43)) + (-1 - (0 + 1))).
59
26 - (37 + -3 + -14 + 18)
-12
What is -822 - -807 - (3 + -86)?
68
Evaluate -34 + 39 + -25 + -16 + 137.
101
What is (23 + -26 - (2 - 15)) + 16?
26
Evaluate -51 + (10 - 1 - -3) + 3 - -5 - 6.
-37
What is the value of (22 + -4 - 4 - 9) + (163 - (34 - 5))?
139
2533 + -2592 - (2 + -28)
-33
What is the value of (32 - 15 - (-2 - -20)) + -1 - 30?
-32
What is -64 + 146 + (-151 - -46)?
-23
What is the value of -22 + -45 + 92 + (12 - 0)?
37
(4 - 3) + (37 - -5) + 2 + 3
48
Evaluate (-39 - (-2 - (-3 + 3))) + (-147 - -147).
-37
What is the value of 27 + -18 + -8 + -6 + 25?
20
(-32 - -4) + (-12 - (-35 - -3))
-8
-87 - ((-17 + -2 - -17) + (14 - 4))
-95
13 - (-23 - (33 - 70) - -121)
-122
Calculate (111 - 144) + 0 + 2 + 6 + -31.
-56
21 + -2 + -5 + -2 - (57 - -1 - -1)
-47
Evaluate -18 - (10 + 3 - (181 + -147)).
3
What is -10 - (-765 + 787 - (-1 - -1))?
-32
Calculate -3 + (4 - 9) + -5 + 29 + 3 + -26.
-7
Evaluate -1 + (-100 - (-9 + (13 - 7 - 10) + 12)).
-100
What is (1 - 0) + -6054 + 5982?
-71
What is 19 - 25 - (8 + (10 - 11) + 5)?
-18
Evaluate 18 + -26 + 77 + -16.
53
Evaluate (25 - 33 - -28) + -26 - 0.
-6
Calculate 34 - 41 - (-9 - -7) - (-2 - 16).
13
What is the value of 16 - (0 - -48 - 23) - 39?
-48
(-183 - -91) + 83 + (-1 - -1 - -89)
80
Evaluate -1 + 52 + -53 + 73 + 4 + -11 + -25.
39
Evaluate -82 + 58 + 41 + 1.
18
What is the value of -10 + (-35 - (-19 - (15 - 22)))?
-33
What is -15 - (4 - (210 - 59))?
132
-3614 + 3601 - (38 + -1)
-50
What is 16 + -2 - (103 - (191 + -82))?
20
-3 + -4 + 13 - (13 + 11 + -37)
19
Evaluate 342 + -305 - (-2 + -4).
43
(21 - (11 + 25)) + (-20 - 2)
-37
What is the value of 144 + -331 + -85 + 197?
-75
What is the value of 7 - ((54 - (-2 + 6 + 10)) + 10)?
-43
What is the value of 10 - (4 - 3 - (-8 + 9 + 2 + 8))?
20
Calculate (-9 - (18 + (19 - -32))) + 20.
-58
(0 - 2) + 2113 + -2144
-33
Evaluate (9 + -3 - 9) + 14 + -12 + 42 + 46.
87
-31 + 41 + -55 + 28
-17
What is (-34 - 46) + 152 - 180?
-108
Evaluate -1 - -12 - (95 + -60 + -34).
10
Calculate -67 + 82 + -95 + 116.
36
What is the value of -40 + 1 + 1 - (4648 + -4659)?
-27
Evaluate -51 - (3 + 8 - (-15 - (-15 - 17))).
-45
Calculate 13 + (-19 - -21 - (145 - 152 - (-70 - 0))).
-48
What is -6 - (-103 - -72) - -24?
49
(2 - 2) + 3 + (-7 + (-1 - -10) - 27)
-22
3 + (-1 - 1) - 2 - (-20 + (22 - -36))
-39
((0 - (1 - 2)) + 7 - 3) + 1259 + -1256
8
What is 0 + (-40 + -1 - (-1 + -2)) + -113 + 104?
-47
Calculate (9 - (7 + -8) - 16) + -4 - 23.
-33
Calculate 126 - (132 + 31 + -35).
-2
Evaluate 5 - -3 - (87 + -62) - 61.
-78
Evaluate -87 - (-51 + 16 + -34).
-18
What is (-10 - -9) + -48 + (8 - -15) + 21?
-5
What is the value of -59 + (-770 - -787) + 11 + -2?
-33
Evaluate 1 - -9 - -14 - 12 - (-4 + -14).
30
Evaluate (54 + -20 - 6) + (-35 - -34) + -8 + 0.
19
(0 - -1) + 107 + -146 + 26 + 104
92
(7 - -1) + (6 - 4 - 1) + -704 + 645
-50
(0 - (20 - 34)) + -39 - (7 - 0)
-32
Evaluate -115 + 320 - 220 - (1 + -121 + (0 - 2)).
107
Evaluate 6 - ((-35 - -58 - -9) + -60).
34
-4 + (3 - 3) + 272 + -233
35
Calculate (14 - -62 - 24) + -56.
-4
Calculate -21 + 7 + 5 + 8 + 15.
14
What is the value of (-55 - (-5 - 33)) + -45 + (-1 + 8 - -1)?
-54
4 + (-3 - 5) + (-81 - -94)
9
-162 + 110 - (-5 + -3 - 4)
-40
Evaluate -104 - (9 + -99) - (1 - -10).
-25
What is 198 + -78 - (170 + 31)?
-81
Evaluate -14 - ((-27 - -38) + 2 + 14 + 0).
-41
-74 + 2 + -2 - (5 - -23 - (-78 + 118))
-62
What is -248 + 285 + 3 + 6 + -9?
37
Calculate (-21 - (-2 + -80)) + 3.
64
Calculate -5 + -18 + (-2 - 3 - (-75 + 60)).
-13
Evaluate -1 - 2 - 39 - (1 + -25 + 29).
-47
What is 3 - 21 - -13 - (6 + 2 + -20) - 44?
-37
What is -27 + -1 - (-31 + 32 + -5) - 14?
-38
-6 + (548 + -470 - (2 + -4))
74
Evaluate -117 - (50 - (187 - 13)).
7
Evaluate (9 - (6 + (-11 - -11))) + (-15 - 0).
-12
Evaluate -38 + (-62 + 63 - (20 + -1) - -14).
-42
Evaluate (-12 - 2 - (47 - 52)) + 103 + -1.
93
Evaluate (-3 - (8 - 0) - 1) + 2655 + -2702.
-59
Calculate (0 - (-1 - -2)) + (-29 - (24 - 77) - 34).
-11
What is (18 - (35 + -14 + 2)) + -9?
-14
-4 + (-32 - -12) + 6 + 36
18
What is the value of 117 + -1 - (-867 - -927)?
56
Calculate 41 + -25 - 7 - -4 - -25.
38
552 - 561 - ((-4 - -25 - -4)